{"id":9529,"date":"2024-09-24T12:21:09","date_gmt":"2024-09-24T10:21:09","guid":{"rendered":"https:\/\/ximenaduyos.belenweb.com\/?post_type=product&#038;p=9529"},"modified":"2024-10-14T13:33:05","modified_gmt":"2024-10-14T11:33:05","slug":"recordar-para-reconectar","status":"publish","type":"product","link":"https:\/\/www.ximenaduyos.com\/?product=recordar-para-reconectar","title":{"rendered":"Recordar para Reconectar"},"content":{"rendered":"<h2>Juego de tarjetas para parejas<br \/>\nRecordar para Reconectar<\/h2>\n<p>\u00bfLa costumbre, la monoton\u00eda o la dejadez os est\u00e1n jugando una mala pasada? Recordad, con este juego de tarjetas, c\u00f3mo fueron vuestros comienzos y qu\u00e9 fue aquello que os uni\u00f3 para empezar a recuperar la conexi\u00f3n.<\/p>\n<p>\u00a1Recuperar la conexi\u00f3n es posible!<\/p>\n<p><em><strong>\u201cRecordad por qu\u00e9 os eleg\u00edst\u00e9is\u201d.<\/strong><\/em><\/p>\n","protected":false},"excerpt":{"rendered":"<p>Juego de tarjetas para parejas Recordar para Reconectar \u00bfLa costumbre, la monoton\u00eda o la dejadez os est\u00e1n jugando una mala<\/p>\n","protected":false},"featured_media":10747,"template":"","meta":{"_joinchat":[]},"product_brand":[],"product_cat":[91],"product_tag":[],"class_list":{"0":"post-9529","1":"product","2":"type-product","3":"status-publish","4":"has-post-thumbnail","6":"product_cat-juegos-de-tarjetas","8":"first","9":"instock","10":"downloadable","11":"virtual","12":"taxable","13":"purchasable","14":"product-type-simple"},"yoast_head":"<!-- This site is optimized with the Yoast SEO plugin v27.0 - https:\/\/yoast.com\/product\/yoast-seo-wordpress\/ -->\n<title>Recordar para Reconectar - Ximena duyos<\/title>\n<meta name=\"robots\" content=\"noindex, follow, max-snippet:-1, max-image-preview:large, max-video-preview:-1\" \/>\n<meta property=\"og:locale\" content=\"es_ES\" \/>\n<meta property=\"og:type\" content=\"article\" \/>\n<meta property=\"og:title\" content=\"Recordar para Reconectar - Ximena duyos\" \/>\n<meta property=\"og:description\" content=\"Juego de tarjetas para parejas Recordar para Reconectar \u00bfLa costumbre, la monoton\u00eda o la dejadez os est\u00e1n jugando una mala\" \/>\n<meta property=\"og:url\" content=\"https:\/\/www.ximenaduyos.com\/producto\/recordar-para-reconectar\/\" \/>\n<meta property=\"og:site_name\" content=\"Ximena duyos\" \/>\n<meta property=\"article:modified_time\" content=\"2024-10-14T11:33:05+00:00\" \/>\n<meta property=\"og:image\" content=\"https:\/\/www.ximenaduyos.com\/wp-content\/uploads\/2024\/10\/recordar-para-reconectar.png\" \/>\n\t<meta property=\"og:image:width\" content=\"818\" \/>\n\t<meta property=\"og:image:height\" content=\"1374\" \/>\n\t<meta property=\"og:image:type\" content=\"image\/png\" \/>\n<meta name=\"twitter:card\" content=\"summary_large_image\" \/>\n<script type=\"application\/ld+json\" class=\"yoast-schema-graph\">{\"@context\":\"https:\/\/schema.org\",\"@graph\":[{\"@type\":\"WebPage\",\"@id\":\"https:\/\/www.ximenaduyos.com\/producto\/recordar-para-reconectar\/\",\"url\":\"https:\/\/www.ximenaduyos.com\/producto\/recordar-para-reconectar\/\",\"name\":\"Recordar para Reconectar - Ximena duyos\",\"isPartOf\":{\"@id\":\"https:\/\/www.ximenaduyos.com\/#website\"},\"primaryImageOfPage\":{\"@id\":\"https:\/\/www.ximenaduyos.com\/producto\/recordar-para-reconectar\/#primaryimage\"},\"image\":{\"@id\":\"https:\/\/www.ximenaduyos.com\/producto\/recordar-para-reconectar\/#primaryimage\"},\"thumbnailUrl\":\"https:\/\/www.ximenaduyos.com\/wp-content\/uploads\/2024\/10\/recordar-para-reconectar.png\",\"datePublished\":\"2024-09-24T10:21:09+00:00\",\"dateModified\":\"2024-10-14T11:33:05+00:00\",\"breadcrumb\":{\"@id\":\"https:\/\/www.ximenaduyos.com\/producto\/recordar-para-reconectar\/#breadcrumb\"},\"inLanguage\":\"es\",\"potentialAction\":[{\"@type\":\"ReadAction\",\"target\":[\"https:\/\/www.ximenaduyos.com\/producto\/recordar-para-reconectar\/\"]}]},{\"@type\":\"ImageObject\",\"inLanguage\":\"es\",\"@id\":\"https:\/\/www.ximenaduyos.com\/producto\/recordar-para-reconectar\/#primaryimage\",\"url\":\"https:\/\/www.ximenaduyos.com\/wp-content\/uploads\/2024\/10\/recordar-para-reconectar.png\",\"contentUrl\":\"https:\/\/www.ximenaduyos.com\/wp-content\/uploads\/2024\/10\/recordar-para-reconectar.png\",\"width\":818,\"height\":1374},{\"@type\":\"BreadcrumbList\",\"@id\":\"https:\/\/www.ximenaduyos.com\/producto\/recordar-para-reconectar\/#breadcrumb\",\"itemListElement\":[{\"@type\":\"ListItem\",\"position\":1,\"name\":\"Portada\",\"item\":\"https:\/\/www.ximenaduyos.com\/\"},{\"@type\":\"ListItem\",\"position\":2,\"name\":\"Tienda\",\"item\":\"https:\/\/www.ximenaduyos.com\/?page_id=9539\"},{\"@type\":\"ListItem\",\"position\":3,\"name\":\"Recordar para Reconectar\"}]},{\"@type\":\"WebSite\",\"@id\":\"https:\/\/www.ximenaduyos.com\/#website\",\"url\":\"https:\/\/www.ximenaduyos.com\/\",\"name\":\"Ximena duyos\",\"description\":\"Psicolog\u00eda y autoestima\",\"potentialAction\":[{\"@type\":\"SearchAction\",\"target\":{\"@type\":\"EntryPoint\",\"urlTemplate\":\"https:\/\/www.ximenaduyos.com\/?s={search_term_string}\"},\"query-input\":{\"@type\":\"PropertyValueSpecification\",\"valueRequired\":true,\"valueName\":\"search_term_string\"}}],\"inLanguage\":\"es\"}]}<\/script>\n<!-- \/ Yoast SEO plugin. -->","yoast_head_json":{"title":"Recordar para Reconectar - Ximena duyos","robots":{"index":"noindex","follow":"follow","max-snippet":"max-snippet:-1","max-image-preview":"max-image-preview:large","max-video-preview":"max-video-preview:-1"},"og_locale":"es_ES","og_type":"article","og_title":"Recordar para Reconectar - Ximena duyos","og_description":"Juego de tarjetas para parejas Recordar para Reconectar \u00bfLa costumbre, la monoton\u00eda o la dejadez os est\u00e1n jugando una mala","og_url":"https:\/\/www.ximenaduyos.com\/producto\/recordar-para-reconectar\/","og_site_name":"Ximena duyos","article_modified_time":"2024-10-14T11:33:05+00:00","og_image":[{"width":818,"height":1374,"url":"https:\/\/www.ximenaduyos.com\/wp-content\/uploads\/2024\/10\/recordar-para-reconectar.png","type":"image\/png"}],"twitter_card":"summary_large_image","schema":{"@context":"https:\/\/schema.org","@graph":[{"@type":"WebPage","@id":"https:\/\/www.ximenaduyos.com\/producto\/recordar-para-reconectar\/","url":"https:\/\/www.ximenaduyos.com\/producto\/recordar-para-reconectar\/","name":"Recordar para Reconectar - Ximena duyos","isPartOf":{"@id":"https:\/\/www.ximenaduyos.com\/#website"},"primaryImageOfPage":{"@id":"https:\/\/www.ximenaduyos.com\/producto\/recordar-para-reconectar\/#primaryimage"},"image":{"@id":"https:\/\/www.ximenaduyos.com\/producto\/recordar-para-reconectar\/#primaryimage"},"thumbnailUrl":"https:\/\/www.ximenaduyos.com\/wp-content\/uploads\/2024\/10\/recordar-para-reconectar.png","datePublished":"2024-09-24T10:21:09+00:00","dateModified":"2024-10-14T11:33:05+00:00","breadcrumb":{"@id":"https:\/\/www.ximenaduyos.com\/producto\/recordar-para-reconectar\/#breadcrumb"},"inLanguage":"es","potentialAction":[{"@type":"ReadAction","target":["https:\/\/www.ximenaduyos.com\/producto\/recordar-para-reconectar\/"]}]},{"@type":"ImageObject","inLanguage":"es","@id":"https:\/\/www.ximenaduyos.com\/producto\/recordar-para-reconectar\/#primaryimage","url":"https:\/\/www.ximenaduyos.com\/wp-content\/uploads\/2024\/10\/recordar-para-reconectar.png","contentUrl":"https:\/\/www.ximenaduyos.com\/wp-content\/uploads\/2024\/10\/recordar-para-reconectar.png","width":818,"height":1374},{"@type":"BreadcrumbList","@id":"https:\/\/www.ximenaduyos.com\/producto\/recordar-para-reconectar\/#breadcrumb","itemListElement":[{"@type":"ListItem","position":1,"name":"Portada","item":"https:\/\/www.ximenaduyos.com\/"},{"@type":"ListItem","position":2,"name":"Tienda","item":"https:\/\/www.ximenaduyos.com\/?page_id=9539"},{"@type":"ListItem","position":3,"name":"Recordar para Reconectar"}]},{"@type":"WebSite","@id":"https:\/\/www.ximenaduyos.com\/#website","url":"https:\/\/www.ximenaduyos.com\/","name":"Ximena duyos","description":"Psicolog\u00eda y autoestima","potentialAction":[{"@type":"SearchAction","target":{"@type":"EntryPoint","urlTemplate":"https:\/\/www.ximenaduyos.com\/?s={search_term_string}"},"query-input":{"@type":"PropertyValueSpecification","valueRequired":true,"valueName":"search_term_string"}}],"inLanguage":"es"}]}},"_links":{"self":[{"href":"https:\/\/www.ximenaduyos.com\/index.php?rest_route=\/wp\/v2\/product\/9529","targetHints":{"allow":["GET"]}}],"collection":[{"href":"https:\/\/www.ximenaduyos.com\/index.php?rest_route=\/wp\/v2\/product"}],"about":[{"href":"https:\/\/www.ximenaduyos.com\/index.php?rest_route=\/wp\/v2\/types\/product"}],"version-history":[{"count":2,"href":"https:\/\/www.ximenaduyos.com\/index.php?rest_route=\/wp\/v2\/product\/9529\/revisions"}],"predecessor-version":[{"id":10849,"href":"https:\/\/www.ximenaduyos.com\/index.php?rest_route=\/wp\/v2\/product\/9529\/revisions\/10849"}],"wp:featuredmedia":[{"embeddable":true,"href":"https:\/\/www.ximenaduyos.com\/index.php?rest_route=\/wp\/v2\/media\/10747"}],"wp:attachment":[{"href":"https:\/\/www.ximenaduyos.com\/index.php?rest_route=%2Fwp%2Fv2%2Fmedia&parent=9529"}],"wp:term":[{"taxonomy":"product_brand","embeddable":true,"href":"https:\/\/www.ximenaduyos.com\/index.php?rest_route=%2Fwp%2Fv2%2Fproduct_brand&post=9529"},{"taxonomy":"product_cat","embeddable":true,"href":"https:\/\/www.ximenaduyos.com\/index.php?rest_route=%2Fwp%2Fv2%2Fproduct_cat&post=9529"},{"taxonomy":"product_tag","embeddable":true,"href":"https:\/\/www.ximenaduyos.com\/index.php?rest_route=%2Fwp%2Fv2%2Fproduct_tag&post=9529"}],"curies":[{"name":"wp","href":"https:\/\/api.w.org\/{rel}","templated":true}]}}